et g = 138 + -75. Calculate the highest common divisor of g and x.
21
Suppose 0 = -30*u + 177 + 29 - 26. Let k be 36/3 - -2*1. Suppose 4*w = -f + 28, -3*f = -k + 2. What is the highest common factor of w and u?
6
Let g(m) = -6*m + 7 - 5 + 26 + 21 - 6. Let h be g(-13). Calculate the highest common divisor of h and 44.
11
Suppose -4*r = 456 - 428, 55 = 4*v - 5*r. Calculate the greatest common divisor of v and 1090.
5
Let a = -302 - -324. Suppose a = t - 130. Calculate the greatest common divisor of 114 and t.
38
Let j = 1979 - 1935. Calculate the greatest common factor of 396 and j.
44
Let l be (-26)/(-2) + 129 + -62. What is the greatest common divisor of 1160 and l?
40
Let x = 123 - 119. Suppose 8*z - 36 = x. Let c be z - (-172)/6*3. Calculate the greatest common divisor of 13 and c.
13
Suppose 0*w = 3*w - 4*m - 33, 5*w - 69 = 2*m. Suppose -11*z + w*z = 1476. Calculate the greatest common divisor of 82 and z.
41
Suppose -2836 = -4*j + 2*p, -31*j + 34*j - 2*p - 2129 = 0. Calculate the highest common factor of j and 2323.
101
Suppose -2307*q + 2327*q - 54480 = 0. Calculate the greatest common divisor of 48 and q.
12
Suppose -4*j = 4*g - 528, -3*g + 644 = 4*j + 250. Let n = 154 - g. Calculate the highest common factor of 140 and n.
20
Let r(m) = -5*m - 184. Let t be r(-38). Suppose -t = 2*a, 0*q = -3*q + 5*a + 444. Calculate the greatest common divisor of q and 65.
13
Let j(s) = s**3 + 8*s**2 - 2*s - 9. Let t be j(-7). Let l be (-66 - -154) + (0 - (2 - -14)). Calculate the greatest common divisor of l and t.
18
Let z be ((-6)/(-18) - 1/3)/2. Suppose -3*y + 1351 = 5*s, z = -y - 0*s + s + 453. Let p = y - 281. Calculate the highest common divisor of 9 and p.
9
Suppose 8 = 2*u, -2*u + 7*u - 17 = w. Suppose -w*y - 17 - 4 = -5*v, -4*v + y = -21. Let g = 6 + 3. What is the highest common factor of g and v?
3
Suppose 15*t + 173801 = 212081. Calculate the greatest common divisor of t and 440.
88
Suppose 7*v - 218 = 146. Let d be ((-1416)/27)/(-2) + 4/(-18). What is the greatest common divisor of d and v?
26
Let h(x) = 2*x**2 + 17*x - 21. Let k(s) = s**2 + 19*s + 80. Let f be k(-10). Let c be h(f). Calculate the highest common divisor of 54 and c.
9
Let t(j) = -3 + 5*j - 20 + 43. Let i be t(7). Let w be i/4 - 16/(-64). What is the greatest common divisor of 112 and w?
14
Let l be (-18284)/(-42) - (-22)/33. Calculate the highest common factor of 4 and l.
4
Let z be 2/11 + (-797538)/(-1122). Suppose -6*m - z + 753 = 0. Calculate the highest common factor of m and 28.
7
Suppose 2316 = -6*g + 2328. What is the greatest common factor of 111 and g?
1
Let k be (2/19)/(-1) - (-238622668)/21622. Calculate the greatest common factor of k and 31.
31
Let l = -43943 - -44043. What is the greatest common divisor of l and 3725?
25
Let s = -529 - -533. Suppose 5*a - 390 = -3*d, 4*d - s*a + 3*a = 520. What is the highest common divisor of d and 10?
10
Let r = -5985 - -6183. What is the greatest common factor of 576 and r?
18
Suppose -278*k + 7948 = -12509 - 7343. What is the highest common divisor of k and 2025?
25
Let l(x) be the first derivative of x**3 + 2*x**2 - 9*x - 179. Let t = 15 - 11. Let n be l(t). Calculate the greatest common factor of n and 11.
11
Let l(b) = 7*b**2 + 6*b**2 - b**3 - 5 - 6*b - b**2. Let g be l(5). Suppose 5*n - 93 = 187. What is the highest common divisor of n and g?
28
Let l be (-7)/(((-6)/2)/6). Suppose l*o - 100 = 4*o. Calculate the highest common factor of o and 30.
10
Suppose 53*j - 6886 = -5724 + 17653. Suppose -2*h - 4*x = -146, -3 = -2*x - 1. What is the highest common factor of h and j?
71
Let d be -3*-3*280/(-36). Let g be 1/(-2) - d/4. Let u(h) = h**3 - 18*h**2 + 19*h - 28. Let o be u(g). What is the highest common factor of o and 2?
2
Suppose -590*t = -591*t, 0 = 3*y - t - 2760. What is the greatest common factor of 800 and y?
40
Let p(r) = -2*r**2 + 7*r + 11. Let j be p(-5). Let x = j + 174. What is the highest common factor of 150 and x?
50
Suppose -9*t + 12 = -114. What is the highest common divisor of t and 14?
14
Let y = 12 + -10. Suppose n = -3*z + 162, 0 = -y*n - 6. Let j be (-6)/(-1) + (-4 - -9). Calculate the highest common divisor of z and j.
11
Let y = 1269 - 1229. What is the highest common factor of 100 and y?
20
Let q = -103 + 107. Suppose -i + 7 + q = 3*c, -4 = 4*c. Let h(z) = 4*z**2 - 4*z + 14. Let d be h(-7). Calculate the highest common divisor of d and i.
14
Suppose 0 = 19*u - 2194 - 732. Let v be u + (-36)/(-6)*1. Calculate the highest common divisor of 120 and v.
40
Let s(d) = 36*d + 76. Let q be s(21). What is the greatest common factor of q and 64?
64
Let t be 28*((6 + -38)/16 - (-21 - 0)). Calculate the greatest common factor of t and 308.
28
Let j be 3174/30 + 152/(-40). Let w be (17*-1)/(2/(-10)). Calculate the greatest common factor of j and w.
17
Suppose -371 = -39*r + 1423. What is the highest common factor of 18 and r?
2
Let a be (-2)/(4/(-3))*6. Let i be (-2)/8 - (1 + 175/20). Let c be (1 - (-6)/i)/(248/620). What is the greatest common divisor of a and c?
1
Suppose -c + 96 = 19. Let i(r) = -r. Let t be i(3). Let a be (-2)/t + (-62)/(-6). What is the greatest common divisor of c and a?
11
Suppose -3591 = -10*u - 383 + 13432. What is the highest common divisor of 1536 and u?
128
Let j(q) = -73 + q + 10*q + 146 - q**2. Let h be j(15). What is the highest common divisor of 793 and h?
13
Let y be (21 - 2034/90)/(2/(-1590)). What is the greatest common factor of y and 192?
24
Let x = 190 + -505. Let z = x - -423. What is the highest common divisor of 12 and z?
12
Suppose 5*t + 49 = 4*w + 1096, 0 = -2*t - 4*w + 402. Calculate the highest common factor of t and 1173.
69
Suppose 20*h = 18*h + 48. Suppose 2*m + 12 = h. What is the highest common factor of m and 18?
6
Let r be (-1)/((-4)/(-2 + 758)). Let l(n) = 37*n**2 - 152*n + 291. Let q be l(2). What is the greatest common factor of q and r?
27
Suppose -16*u + 915 = -15*u. Suppose -93 = -6*d + u. Suppose 4*s = -3*r - r + d, 0 = -4*s - 5*r + 171. What is the greatest common factor of s and 3?
3
Suppose -3*l + 9 = 2*u - 198, l = 5*u - 475. Let d be 1 - (-1)/(-2 + 3). Suppose -2*x - d*x + 48 = 0. Calculate the greatest common factor of u and x.
12
Let j be 1*5 - (-7 + 1 + -61). Suppose -d - j = -5*s, -s + 2*d = -0*s - 18. Let r = -19 - -117. Calculate the highest common factor of r and s.
14
Suppose 0 = -2*v - 2*v + 128. Let m = -35 + v. Let o be m/9 + 38/6. Calculate the highest common factor of o and 18.
6
Let i(y) = 74*y**3 + 4*y**2 - 9*y + 3. Let t be i(1). Calculate the greatest common divisor of 264 and t.
24
Let f = 3804 + 360. What is the greatest common divisor of 12 and f?
12
Suppose 0 = -73*b + 54*b + 4788. Suppose -275*u + 16353 = -b*u. Calculate the highest common divisor of u and 79.
79
Let d = 181 - 182. Let c be (-147)/((-27)/(-9))*(0 + d). Calculate the greatest common factor of 91 and c.
7
Let c = 5798 - 5794. Calculate the highest common factor of c and 3140.
4
Let o(l) = 192 + 18*l - 83*l - 102 - 107. Let m be o(-1). Calculate the highest common divisor of 112 and m.
16
Let i = -8 - -9. Let o(l) = -14*l + 39. Let r be o(13). Let y = -142 - r. Calculate the highest common divisor of i and y.
1
Let q(w) = -8*w - 94. Let i be q(-23). Suppose 2*d - 5 = 135. Suppose -4*v = -3*b + d, -4*b - 4*v + 20 = -2*b. Calculate the greatest common divisor of b and i.
18
Let g(r) = r**2 + 23*r - 1250. Let l be g(-49). Calculate the greatest common divisor of 7064 and l.
8
Suppose -3*f = 3*a, -2*f + 4*a = -11 - 7. Suppose -5*k + f = -82. Let q = k + -3. What is the highest common factor of 14 and q?
14
Let k(y) = -4*y**2 + 25*y + 65. Let x be k(8). What is the greatest common divisor of x and 531?
9
Let i be (-12)/10*3280/(-24). Suppose 23*v + i = 27*v. What is the highest common factor of v and 164?
41
Let y = 22418 + -21218. Calculate the highest common factor of 128 and y.
16
Let u(i) = -3*i**2 + 68*i - 30. Let t = -59 - -77. Let r be u(t). Calculate the highest common factor of 148 and r.
74
Let m be 39*13*5*48/360. What is the highest common divisor of m and 1521?
169
Let i be 12/21 + ((-2728)/(-28) - -7). Let w = 67 - 22. What is the greatest common divisor of w and i?
15
Let s(h) = 2*h**2 - h - 9. Let x(k) = 3*k - 1. Let p be x(2). Let n be s(p). L